Is 53231 prime?
True
Is 23239 a composite number?
True
Is 451499 composite?
False
Is 50671 prime?
True
Is 534199 prime?
True
Is 285871 prime?
True
Is 715907 a prime number?
False
Is 2999 prime?
True
Is 76283 composite?
False
Is 266167 a composite number?
True
Is 800209 a composite number?
False
Is 1371 a prime number?
False
Is 81727 composite?
False
Is 1065937 composite?
False
Is 217157 a prime number?
True
Is 1361 a composite number?
False
Is 172911 a composite number?
True
Is 3018881 composite?
False
Is 20409 prime?
False
Is 715733 a prime number?
False
Is 1380607 prime?
True
Is 383413 a composite number?
True
Is 3659 a prime number?
True
Is 27133 composite?
True
Is 36509 composite?
True
Is 184963 a prime number?
False
Is 43069 prime?
False
Is 771077 composite?
True
Is 24727 composite?
True
Is 3593 prime?
True
Is 313873 a composite number?
True
Is 851 composite?
True
Is 1402673 composite?
False
Is 155695 composite?
True
Is 348989 a prime number?
True
Is 5561 prime?
False
Is 29327 prime?
True
Is 595613 prime?
True
Is 114581 a prime number?
False
Is 4871 composite?
False
Is 243889 a composite number?
False
Is 6469 prime?
True
Is 9565 prime?
False
Is 3511 prime?
True
Is 31051 composite?
False
Is 5297 a prime number?
True
Is 13669 prime?
True
Is 9029 prime?
True
Is 2092143 a composite number?
True
Is 331259 a prime number?
True
Is 17137 prime?
True
Is 32117 a composite number?
False
Is 4783 a prime number?
True
Is 57209 prime?
False
Is 5399 prime?
True
Is 134426 a prime number?
False
Is 398733 a prime number?
False
Is 160243 composite?
False
Is 178973 prime?
True
Is 2579 a composite number?
False
Is 4178 prime?
False
Is 244243 composite?
False
Is 362842 a composite number?
True
Is 81823 a prime number?
False
Is 18661 prime?
True
Is 1901 prime?
True
Is 356045 prime?
False
Is 648763 a prime number?
True
Is 90443 a composite number?
True
Is 324901 composite?
False
Is 622135 composite?
True
Is 42797 a composite number?
False
Is 253651 a composite number?
False
Is 1253 prime?
False
Is 36973 a prime number?
True
Is 879419 a prime number?
False
Is 83843 a composite number?
False
Is 23701 a prime number?
False
Is 3284933 composite?
True
Is 373011 a composite number?
True
Is 15769 a composite number?
True
Is 52313 a prime number?
True
Is 26674 a composite number?
True
Is 558958 a composite number?
True
Is 78401 a composite number?
False
Is 36523 a composite number?
False
Is 242591 prime?
True
Is 825863 composite?
True
Is 4333 composite?
True
Is 808691 prime?
False
Is 2723 prime?
False
Is 49409 composite?
False
Is 68947 a prime number?
True
Is 121109 prime?
False
Is 3902915 a composite number?
True
Is 1693 a prime number?
True
Is 493777 a prime number?
True
Is 806059 composite?
False
Is 161753 prime?
True
Is 8509 prime?
False
Is 722093 prime?
True
Is 17693 a composite number?
True
Is 2503 a composite number?
False
Is 335395 prime?
False
Is 8997 prime?
False
Is 198087 prime?
False
Is 204719 composite?
False
Is 2352877 a composite number?
True
Is 20803 composite?
True
Is 439253 a composite number?
False
Is 192503 a composite number?
True
Is 202673 composite?
True
Is 285869 a composite number?
True
Is 503771 prime?
True
Is 3389 a prime number?
True
Is 66741 composite?
True
Is 163037 composite?
True
Is 969081 composite?
True
Is 1108537 a composite number?
False
Is 275027 a composite number?
False
Is 343219 prime?
True
Is 534427 composite?
True
Is 266451 a prime number?
False
Is 775913 composite?
True
Is 8781 prime?
False
Is 190273 composite?
True
Is 13957 a prime number?
False
Is 17021 a prime number?
True
Is 23437 a prime number?
False
Is 377969 composite?
True
Is 180533 composite?
False
Is 83137 prime?
True
Is 8063 a prime number?
False
Is 7558 a composite number?
True
Is 1273 a composite number?
True
Is 3715 a composite number?
True
Is 264289 a prime number?
True
Is 6341 a composite number?
True
Is 1151 prime?
True
Is 386141 composite?
True
Is 14393 prime?
False
Is 1553539 composite?
True
Is 667 composite?
True
Is 914 a composite number?
True
Is 8251 prime?
False
Is 35851 prime?
True
Is 4617187 a prime number?
True
Is 3503 composite?
True
Is 55313 prime?
True
Is 30029 composite?
False
Is 25195 a prime number?
False
Is 599191 a composite number?
False
Is 130063 a composite number?
True
Is 109699 prime?
False
Is 9897 a prime number?
False
Is 22735 prime?
False
Is 9921 a prime number?
False
Is 14281 prime?
True
Is 25385 a prime number?
False
Is 4507 a composite number?
False
Is 214399 composite?
False
Is 799 a composite number?
True
Is 2609 a prime number?
True
Is 15469 a composite number?
True
Is 111577 a prime number?
True
Is 200519 prime?
False
Is 1649 a prime number?
False
Is 33083 a composite number?
False
Is 1507703 a prime number?
False
Is 13099 a prime number?
True
Is 10081 prime?
False
Is 15595 prime?
False
Is 34027 a prime number?
False
Is 47449 a composite number?
True
Is 144719 a composite number?
False
Is 11581 a prime number?
False
Is 54311 a prime number?
True
Is 335 a prime number?
False
Is 30293 composite?
False
Is 8147 composite?
False
Is 27415 a composite number?
True
Is 53563 prime?
False
Is 60751 prime?
False
Is 165059 a composite number?
False
Is 45119 composite?
False
Is 21485 composite?
True
Is 53987 a composite number?
False
Is 6117 composite?
True
Is 1861 prime?
True
Is 10723 a composite number?
False
Is 129461 a composite number?
False
Is 4571 a prime number?
False
Is 11114 a prime number?
False
Is 9277 composite?
False
Is 46301 a composite number?
False
Is 14741 a prime number?
True
Is 20751 a composite number?
True
Is 815441 prime?
False
Is 7217 a prime number?
False
Is 7603 a composite number?
False
Is 16457 prime?
False
Is 139157 prime?
False
Is 6521 a prime number?
True
Is 397 a composite number?
False
Is 3274 prime?
False
Is 6761 a composite number?
False
Is 100981 prime?
True
Is 73663 a composite number?
True
Is 80813 a prime number?
False
Is 113257 a prime number?
False
Is 106591 a composite number?
False
Is 48883 a prime number?
True
Is 20807 a composite number?
False
Is 260197 a composite number?
True
Is 2491403 prime?
False
Is 877 composite?
False
Is 135781 composite?
False
Is 21341 a prime number?
True
Is 4601677 composite?
False
Is 1195 prime?
False
Is 21467 a composite number?
False
Is 228431 a composite number?
True
Is 12449 prime?
False
Is 15413 prime?
True
Is 36737 a composite number?
True
Is 341 composite?
True
Is 1217 prime?
True
Is 41333 a prime number?
True
Is 733 prime?
True
Is 10007 a prime number?
True
Is 19315 prime?
False
Is 30211 a prime number?
True
Is 126811 composite?
True
Is 1321123 a composite number?
True
Is 25439 prime?
True
Is 5261 composite?
False
Is 28559 a prime number?
True
Is 35149 a prime number?
True
Is 103349 composite?
False
Is 92119 prime?
True
Is 185 composite?
True
Is 32771 a prime number?
True
Is 192847 a prime number?
True
Is 43649 composite?
False
Is 22337 a prime number?
False
Is 19247 a composite number?
True
Is 44869 a prime number?
False
Is 290722 a composite number?
True
Is 1535 a composite number?
True
Is 4637 composite?
False
Is 3389 a prime number?
True
Is 365437 composite?
True
Is 1651 a composite number?
True
Is 20087 a prime number?
False
Is 19739 a prime number?
True
Is 246403 composite?
False
Is 3371 composite?
False
Is 1466039 a prime number?
True
Is 360497 composite?
False
Is 8263 prime?
True
Is 675923 a prime number?
True
Is 40277 a composite number?
False
Is 56081 prime?
True
Is 30554 a prime number?
False
Is 28846 composite?
True
Is 808081 prime?
True
Is 182653 a composite number?
False
Is 446 prime?
False
Is 397459 prime?
True
Is 35059 prime?
True
Is 266891 a prime number?
True
Is 10213 prime?
False
Is 5163 prime?
False
Is 28901 a composite number?
False
Is 7039 composite?
False
Is 44147 prime?
False
Is 2096879 composite?
True
Is 68993 composite?
False
Is 42641 composite?
False
Is 27505 a prime number?
False
Is 96893 a composite number?
False
Is 1023697 a prime number?
True
Is 49523 prime?
True
Is 29077 composite?
False
Is 347 a composite number?
False
Is 899491 a composite number?
False
Is 1000969 prime?
True
Is 562 a prime number?
False
Is 35795 a prime number?
False
Is 43723 composite?
True
Is 7341 a composite number?
True
Is 154897 prime?
True
Is 415901 co